= 606*l + 235134. Determine o(-388).
6
Let c(w) = 14212*w - 994844. Give c(70).
-4
Let r(d) = d**3 - 99*d**2 + 728*d - 21. Give r(91).
-21
Let g(q) = q**3 + 1945*q - 3896. Calculate g(2).
2
Let p(o) = -146*o**2 - 2051*o + 59. Calculate p(-14).
157
Let b(r) = -r**3 - r**2 + 7343*r - 185. Determine b(0).
-185
Let v(f) = -12*f**3 - 6870*f**2 + 3434*f - 2295. What is v(-573)?
-3
Let x(l) = l**2 + 42*l + 99. Give x(13).
814
Let a(v) = -4117*v + 226431. Give a(55).
-4
Let l(x) = -x**2 - 1386*x + 91282. Determine l(63).
-5
Let k(i) = -30724*i + 307213. Determine k(10).
-27
Let n(o) = 3*o**2 + 3352*o - 241807. What is n(68)?
1
Let r(f) = -1167*f + 18323. Give r(16).
-349
Let u(o) = 17*o**3 - 511*o**2 + 49*o - 560. Determine u(30).
10
Let g(f) = 2*f**2 - 390*f - 49896. Give g(283).
-88
Let z(o) = 15*o**3 + 714*o**2 - 299*o - 541. Calculate z(-48).
-13
Let d(u) = u**2 + 1928*u - 347610. Give d(166).
-6
Let b(x) = -2*x**2 + 450*x - 25246. Calculate b(119).
-18
Let x(z) = -67*z**2 - 2092*z - 119. Determine x(-31).
346
Let y(c) = -6*c**2 - 1125*c - 4397. Determine y(-4).
7
Let r(s) = -3*s**3 + 88*s**2 + 294*s - 7200. What is r(30)?
-180
Let x(c) = 6*c**2 + 169*c - 1701. What is x(10)?
589
Let z(j) = -5*j**3 - 28*j**2 + 7508*j + 52202. Determine z(-7).
-11
Let y(x) = -4*x**2 + 164*x - 144. What is y(39)?
168
Let s(a) = -53312*a + 18232721. What is s(342)?
17
Let q(z) = -z**3 - 102*z**2 - 1393*z - 1460. What is q(-86)?
2
Let x(j) = 17*j**2 + 1135*j + 7786. What is x(-59)?
-2
Let w(r) = 40245*r + 5714763. What is w(-142)?
-27
Let o(u) = 4*u**2 + 5840*u - 154545. Give o(26).
-1
Let w(p) = 3*p**2 - 118*p - 2824. Calculate w(0).
-2824
Let x(z) = -3929*z + 204299. Determine x(52).
-9
Let z(m) = 727*m + 47984. Determine z(-66).
2
Let k(z) = -3*z**3 - 115*z**2 - 30*z - 367. Give k(-38).
-671
Let a(r) = 3370*r - 280225. Calculate a(83).
-515
Let d(r) = -7*r**2 + 975*r - 16956. Calculate d(119).
-58
Let p(b) = -b**2 + 840*b + 92393. Determine p(-98).
469
Let y(a) = -13947*a - 1980476. Calculate y(-142).
-2
Let s(v) = -123853*v - 371490. Give s(-3).
69
Let x(l) = -17908*l - 4494936. Determine x(-251).
-28
Let c(f) = 251966*f + 503916. Give c(-2).
-16
Let y(q) = -84526*q - 676218. Give y(-8).
-10
Let m(u) = -6929*u - 37628. Determine m(-6).
3946
Let t(h) = -2503*h + 467380. Determine t(187).
-681
Let n(d) = 7*d**2 + 409*d - 3705. Give n(9).
543
Let d(t) = t**3 - 23*t**2 + 48*t - 524. Give d(22).
48
Let f(v) = 700*v - 8399. What is f(13)?
701
Let g(x) = x**2 + 861*x + 48805. What is g(-61)?
5
Let s(b) = -17*b**2 + 1284*b - 1938. What is s(74)?
-14
Let t(l) = l**3 + 15*l**2 + 60*l + 2. Give t(-8).
-30
Let f(o) = -6*o**3 + 345*o**2 + 898*o + 122. Calculate f(60).
2
Let c(r) = -17*r**3 + 43*r**2 - 137*r + 96. Determine c(1).
-15
Let h(t) = -5*t**2 - 322*t - 2500. Give h(-9).
-7
Let d(n) = 4858*n - 24378. Give d(5).
-88
Let j(a) = 1007*a - 19093. Calculate j(21).
2054
Let p(h) = -3*h**3 + 56*h**2 + 20*h + 256. Give p(19).
275
Let l(n) = -16586*n + 1011733. What is l(61)?
-13
Let o(s) = 15*s**3 + 1036*s**2 - 60*s - 8907. Calculate o(-69).
-6
Let y(v) = -v**3 - 139*v**2 - 4688*v + 813. Determine y(-81).
3
Let r(j) = j**3 + 29*j**2 - 185*j - 5849. Determine r(-28).
115
Let a(l) = -13364*l - 107065. Determine a(-8).
-153
Let f(s) = 1713*s + 7944. What is f(-5)?
-621
Let v(y) = 10*y**3 - 511*y**2 + 63*y - 603. Determine v(51).
9
Let v(b) = -138*b**3 + 11*b**2 - 9*b + 5. What is v(2)?
-1073
Let f(h) = 927*h + 2962. What is f(-2)?
1108
Let x(d) = 31232*d + 2061319. Determine x(-66).
7
Let r(o) = -52*o**2 - 4709*o - 28643. What is r(-84)?
1
Let a(m) = 2*m**2 - 177*m - 4238. Determine a(108).
-26
Let o(q) = 70*q - 1795. What is o(18)?
-535
Let n(r) = -r**3 - 8*r**2 + 61*r - 8. Determine n(-12).
-164
Let q(a) = -245495*a + 13011232. Calculate q(53).
-3
Let c(v) = 5*v**3 + 8*v**2 + 143*v + 750. What is c(-10)?
-4880
Let q(l) = -7*l**2 + 74*l - 82. What is q(18)?
-1018
Let c(m) = -1791*m - 347446. Give c(-194).
8
Let j(u) = u**3 + 108*u**2 + 156*u + 16848. Determine j(-108).
0
Let y(c) = 7*c**2 + 146*c + 279. Calculate y(-21).
300
Let d(a) = 9*a**2 - 38*a - 119211. Determine d(-113).
4
Let a(k) = k**2 + 109*k - 15533. Determine a(80).
-413
Let o(k) = -k**3 - 4*k**2 - 3050*k + 6124. Calculate o(2).
0
Let h(o) = -85099*o - 3233752. What is h(-38)?
10
Let o(n) = -427548*n + 7268341. Calculate o(17).
25
Let s(i) = 10774*i - 560292. What is s(52)?
-44
Let c(u) = -u**3 - 98*u**2 - 423*u - 4492. Calculate c(-94).
-74
Let b(i) = 341*i - 53975. What is b(171)?
4336
Let x(n) = 26954*n - 216781. What is x(8)?
-1149
Let f(o) = 123124*o - 1108074. Calculate f(9).
42
Let a(p) = -2*p**3 - 123*p**2 - 165*p - 6326. What is a(-61)?
18
Let f(p) = p**2 + 246*p - 45222. Determine f(-371).
1153
Let c(j) = 545*j**3 - 58316*j**2 + 94*j + 1341. Calculate c(107).
-50
Let m(z) = 797*z - 10865. Calculate m(14).
293
Let u(d) = -5858*d + 1277045. Calculate u(218).
1
Let i(r) = r**3 - 2*r**2 + 41*r - 206. Calculate i(0).
-206
Let b(i) = i**3 - 264*i**2 + 13827*i - 208. Calculate b(72).
8
Let x(r) = -r**2 - 14*r + 28157. Calculate x(161).
-18
Let m(o) = -43*o**3 - 14*o**2 - 54*o - 13. Determine m(-2).
383
Let x(b) = 77250*b - 772506. Determine x(10).
-6
Let k(j) = j**2 + 1041*j - 170813. Calculate k(145).
1157
Let m(y) = -5*y**2 - 311*y + 8461. Calculate m(-82).
343
Let w(p) = -7398*p - 96188. Determine w(-13).
-14
Let l(h) = -2*h**3 - 742*h**2 - 146*h - 54383. Give l(-371).
-217
Let z(j) = 7*j**2 + 493*j + 875. Calculate z(-66).
-1171
Let w(s) = -211*s - 16453. Determine w(-78).
5
Let t(b) = 2*b**3 - 10*b**2 - 31*b - 294. Determine t(7).
-315
Let j(u) = u**3 + 147*u**2 - 3346*u - 1004. Determine j(-167).
-2
Let o(p) = 193299*p + 386557. Calculate o(-2).
-41
Let m(a) = -4*a**2 + 12*a + 104. What is m(9)?
-112
Let c(z) = -2*z**3 + 16*z**2 - 41*z + 17. Determine c(4).
-19
Let d(y) = y**3 - 199*y**2 + 811*y - 4845. What is d(195)?
1200
Let x(y) = -14*y**3 + 42*y**2 - 306*y - 316. Determine x(8).
-7244
Let b(w) = -174*w**2 - 54*w + 33. Determine b(1).
-195
Let v(g) = -204*g**3 - 7*g**2 - 90*g - 180. Calculate v(-2).
1604
Let p(x) = -x**2 - 291*x - 12402. Determine p(-238).
212
Let r(l) = -1047*l**3 + 2*l**2 + 44*l - 46. Calculate r(1).
-1047
Let w(h) = -86*h**2 - 3827*h - 21230. Determine w(-38).
12
Let z(v) = v**3 + 85*v + 405. Give z(-4).
1
Let x(b) = 41250*b - 1237502. Calculate x(30).
-2
Let p(n) = 5440*n + 342518. Give p(-63).
-202
Let a(h) = -h**3 + 32*h**2 + 1918*h - 63106. What is a(34)?
-206
Let k(s) = -657*s - 59826. What is k(-91)?
-39
Let h(r) = 3*r**2 + 511*r - 258850. Calculate h(-391).
-8
Let s(j) = j**2 - 269*j + 16181. Determine s(175).
-269
Let q(h) = -304112*h - 2128779. What is q(-7)?
5
Let d(w) = -864*w + 6373. Determine d(7).
325
Let k(t) = -6*t**2 - 248*t - 1104. Give k(-5).
-14
Let z(q) = -12*q + 133. Determine z(-3).
169
Let o(m) = 38*m**2 + 156*m + 215. Calculate o(-2).
55
Let q(x) = -9*x**2 + 11*x - 153. What is q(8)?
-641
Let a(j) = -17584*j + 334124. Give a(19).
28
Let u(f) = -16*f**2 + 5180*f + 15754. Determine u(-3).
70
Let q(d) = 279*d - 15237. Determine q(55).
108
Let t(z) = -126*z**3 + 123*z**2 + 253*z - 4. Calculate t(-2).
990
Let o(u) = -15689*u + 376524. Determine o(24).
-12
Let r(d) = -29*d**3 + 2034*d**2 - 276*d - 240. Give r(70).
40
Let n(l) = 673*l - 125988. Calculate n(187).
-137
Let o(l) = 104*l - 16733. Give o(169).
843
Let d(m) = 46*m**3 - 733*m**2 - 30*m - 339. Give d(16).
-51
Let l(b) = -35516*b - 319661. What is l(-9)?
-17
Let z(n) = n**2 + 126753*n - 2535425. Calculate z(20).
35
Let l(s) = -100*s**2 + 3840*s - 10612. Give l(3).
8
Let x(t) = -t**3 + 544*t**2 - 1003*t + 249785. Give x(543).
5
Let c(a) = 2579*a**2 + 2351*a - 2352. What is c(1)?
2578
Let t(c) = c**3 - 18*c**2 - 249*c + 890. Give t(3).
8
Let h(n) = -60*n**2 - 256*n - 503. Determine h(-2).
-231
Let t(l) = -58*l**3 + 98*l**2 - 282*l - 54. Calculate t(3).
-1584
Let p(a) = 170*a - 4606. Give p(13).
-2396
Let z(u) = -61*u**2 + 851*u + 41. Calculate z(14).
-1
Let c(p) = 9*p - 1204. Determine c(104).
-268
Let j(m) = m**2 + 2668*m - 64616. Give j(24).
-8
Let r(l) = -6983*l - 167793. Give r(-24).
-201
Let v(q) = -3*q**2 + 9839*q + 39394. What is v(-4)?
-10
Let q(v) = -3*v**2 + 3555*v + 57649. Give q(-16).
1
Let v(l